 be s(4). Suppose -38 = -y*p + 2. What is the units digit of p?
8
Suppose -11*j - j + 36 = 0. What is the tens digit of 2/j - (-1958)/33?
6
Suppose 0 = -3*n + 20 - 59. What is the tens digit of n + 17 - 158/(-1)?
6
Suppose -2*d = -10, -3*j + 6*j - 4*d = 220. What is the units digit of j?
0
What is the tens digit of ((19390/8)/5)/((-2)/(-8))?
3
Let a = 132 - 48. Suppose -a = -2*h + 34. What is the units digit of h?
9
Let j = 249 + 396. What is the hundreds digit of j?
6
What is the tens digit of (1 + 237/(-6))/((-8)/1072)?
5
Suppose -h = 3*b - 11, -3*b + 19 = h + 2*b. What is the units digit of 4 - 2 - (-3 - h)?
4
Suppose 7*k - 5*k = 440. Let v = 320 - k. What is the hundreds digit of v?
1
Suppose -5*x = 4*q - 351 - 120, 4*q - 16 = 0. What is the tens digit of x?
9
Suppose 15 + 41 = -7*l. Suppose 34 + 82 = 3*y + t, 10 = 2*t. Let c = l + y. What is the units digit of c?
9
Let z be (-23)/(-3)*3 - -4. Suppose 0 = -3*q - 15, -d - 4 = 2*q - z. What is the units digit of d?
3
Suppose 0*n - 3*n - 5*q = 14, 3*n - 3*q - 18 = 0. Let p be (2877/(-12))/(n/8). What is the tens digit of p/(-21) + (-2)/3?
4
Suppose s + 9 - 127 = 0. What is the tens digit of s?
1
Let j(v) = -v**3 + 9*v**2 - 9*v + 8. Suppose -8*s = -10*s + 16. Let c be j(s). Suppose c = z - 42 + 8. What is the tens digit of z?
3
Let r be (4 - 5)/((-1)/2). Suppose -3*a + r*n - 3*n = -371, -5*a = 5*n - 605. Suppose 5*o - 10*o = -a. What is the tens digit of o?
2
Suppose i + 0*i - 4 = m, -3*i = 2*m - 12. Let l be (56/16)/(2/i). Let s = 44 - l. What is the units digit of s?
7
Let u = 403 + 1013. What is the thousands digit of u?
1
Let m(x) = -171*x - 255. What is the tens digit of m(-5)?
0
Suppose -2 = 8*a - 10. Suppose -r = -5 + a. What is the units digit of r?
4
Let y = 55 + 296. What is the tens digit of y?
5
What is the thousands digit of (2716/70)/(2 - 89/45)?
1
Let v be 1852/(-60) + (-4)/30. Let a = -23 - v. Suppose -122 = -a*d + 182. What is the tens digit of d?
3
Let y(l) = 3*l - 21. Let g be y(12). Let v = 44 - g. What is the tens digit of -4 + 4 + v + 0?
2
Let u = 46 + -97. Let p = u - -28. Let c = p - -57. What is the units digit of c?
4
Suppose 4*h = -78 + 18. Let d = -41 + 39. Let g = d - h. What is the units digit of g?
3
Suppose 0*n = -n + 4. Suppose -3*w + w + 2 = 2*s, s - 11 = n*w. What is the units digit of (-12)/27*9/w?
2
Let d = 218 + -213. Let s be 2/4*2 - -1. Suppose -d*v + 2*l + 358 = 0, l - 4*l = s*v - 147. What is the tens digit of v?
7
Let a(g) = 434*g**2 + 2*g + 4. What is the tens digit of a(-1)?
3
Let c(i) = -12*i + 1. Let b(a) = -a - 1. Let f be b(0). Let p be c(f). What is the units digit of (-2)/(-2) + 28 + p?
2
Let r(i) = i + 2. Let t be r(8). Let v(w) = w**3 - 11*w**2 + 12*w - 12. What is the units digit of v(t)?
8
Let f be ((-6)/(-2))/((-6)/(-106)). Suppose 0 = 2*a + 3*o - 99, 157 = 2*a + 2*o + f. What is the units digit of a?
7
Let k = -269 - -419. What is the hundreds digit of k?
1
Suppose -1 + 11 = -2*o. Let g(z) = -z**2 - 10*z - 1. Let d be g(o). Suppose 5*k - 27 = -3*v + 3, v - d = -4*k. What is the units digit of k?
6
Let i = 878 + -438. What is the tens digit of i?
4
Let r = 636 - 319. What is the tens digit of r?
1
Let c(y) = -2*y + 27. Let p be c(-9). Suppose s + 3*h = -0*s - 36, s - h + 24 = 0. Let m = s + p. What is the units digit of m?
8
Let a = 1899 - 426. What is the tens digit of a?
7
Suppose -10*k - 11552 + 44962 = 0. What is the thousands digit of k?
3
Suppose b - 1 = 3. Let p(l) = 7*l**2 - 7*l + 3*l**2 + l**3 - 3*l**2 - 11 - b*l. What is the tens digit of p(-8)?
1
Let p(r) = 2*r - 7. Let z be p(10). Let s = z + -7. Let f = 4 + s. What is the tens digit of f?
1
Suppose 0 = -4*x + 2*k + 1582, 3*x - 8*x - 4*k = -1984. What is the hundreds digit of x?
3
Let q = 5382 - 1196. What is the thousands digit of q?
4
What is the hundreds digit of 6 + 491 + (3 - 8)?
4
Suppose -5*q - 10 = 3*m - 4*q, -q = -2*m - 5. What is the tens digit of 1 + (35 - 2) + m?
3
Suppose -4*o - 1013 = -3*r + 1109, -4*r - 4*o = -2792. Suppose 4*j - r = -2*j. What is the units digit of j?
7
Let y = 1272 + -836. What is the units digit of y?
6
Let y(u) = -5*u + u + 4*u - u. Let x be y(0). Suppose s - i + x*i = 29, 0 = 2*s + 3*i - 78. What is the tens digit of s?
3
Suppose 0 = -43*s + 39*s + 3060. What is the tens digit of s?
6
Let k be (-1 + 2)/(3/6). Let a be ((-24)/(-3))/(-2)*-1. Suppose -a*s + k*h = -122, 0*h - 5*h = 5. What is the units digit of s?
0
Let k(p) = p**3 + 2*p**2 - 5*p - 4. Let c be k(-3). What is the units digit of c/((-8)/12) + 60?
7
Let v = 2268 - 114. What is the units digit of v?
4
What is the hundreds digit of ((-21976)/48)/(13/(-78))?
7
Suppose 5*t - 1108 = -6*o + 3*o, -o - 3*t = -372. Suppose 5*x + 2*p = p + o, 3*x = p + 226. What is the tens digit of x?
7
Let i(n) = -3*n + 1. Let q(z) = -z**2 - 10*z + 4. Let g(r) = 7*i(r) - 2*q(r). Let c be g(3). Suppose 5*k = 39 - c. What is the units digit of k?
5
Let w = -8 + 10. Suppose 5*b = -3*a + 289, 3*a + 0 = w*b - 103. What is the units digit of (6 - 5)/(2/b)?
8
Let i(a) = 59*a - 10. Let o be i(2). Suppose 0 = -7*z + 1124 + o. What is the units digit of z?
6
Let v be (-728)/65*10/1. Let q = -43 - v. What is the tens digit of q?
6
Let c = 2673 + -521. What is the units digit of c?
2
Let k be ((-9)/(-2))/((-23)/(-46)). Let c(n) = 1 - 1 + 21*n - k*n. What is the units digit of c(4)?
8
What is the tens digit of (-29598)/(-66) - (-18)/33?
4
Suppose -267*d + 10652 = 2*b - 265*d, 0 = -4*b + 5*d + 21259. What is the hundreds digit of b?
3
Suppose -18*q + 17397 + 765 = 0. What is the thousands digit of q?
1
Suppose -1705 = 239*u - 250*u. What is the units digit of u?
5
Suppose o + 4 = 0, t + 4*o - 3554 = -914. What is the thousands digit of t?
2
Suppose 5*f - 20 = 5*q, -2*q = -4*f + 14 - 2. What is the units digit of (-1 + (-9)/(-2))*f?
7
Let m = -4611 + 8483. What is the hundreds digit of m?
8
Suppose -9*l - 15*l = -60456. What is the hundreds digit of l?
5
Let y(b) = -b**2 + 20*b - 41. Let l be y(16). Suppose l*u = 25*u - 54. What is the tens digit of u?
2
Let d(a) = 0*a + 5 + 3*a + a**3 + 4*a**2 - 2*a**3 + 2*a. Let p be d(5). Suppose 2*t = -3*n - 3*t + 97, -105 = -p*n + 3*t. What is the tens digit of n?
2
Suppose 0 = -2*p + 4*x + x + 738, 2*x = -5*p + 1816. What is the units digit of p?
4
Let n(t) = 3*t - 6. Let f be n(4). Suppose -f*v = 21 - 105. What is the units digit of v?
4
Let q be (-18680)/25 + 4/(-5). Let s be q/12 - 4/6. Let f = s - -107. What is the units digit of f?
4
Let t = 5445 + -1602. What is the thousands digit of t?
3
Suppose -6*m + 8065 + 9233 = 0. What is the hundreds digit of m?
8
Let z = 1394 + 231. What is the units digit of z?
5
Suppose 7020 + 1208 = 17*n. What is the units digit of n?
4
What is the thousands digit of 4 + (-5 - -3) - -4257?
4
Suppose 5 = 5*c, 21 = -4*x - 2*c + 239. Suppose 0 = 4*g - 2*q - 214 - x, -g = -2*q - 67. What is the tens digit of g?
6
Let m = -97 + 950. What is the hundreds digit of m?
8
Suppose -44*s + 40*s = -2388. What is the tens digit of s?
9
Suppose 4*r + 2*q + 54 = 5*r, -4*r = -2*q - 204. Let d be (-52)/(-16) + 1/(-4). Suppose -d*o = 2*o - r. What is the units digit of o?
0
Let r = -52 - -7. Let g be 4/10 + 333/r. Let u(v) = v**3 + 9*v**2 + 9*v - 7. What is the tens digit of u(g)?
2
Let l(o) = -o**2 - 3*o + 3. Let a(q) = 2*q - 12. Let p be a(7). Let d be l(p). Let r = 12 + d. What is the units digit of r?
5
Suppose -g + 16*g - 45 = 0. Suppose -q + 137 = 2*u, -g*u + 205 = 4*q + 2. What is the tens digit of u?
6
Suppose 26 = z + 5*w, -z - 3*z + 68 = 2*w. Let i be (-4)/z + 18/8. Suppose -i*u + 57 = 13. What is the tens digit of u?
2
Let i(x) = 12*x + 14. What is the tens digit of i(2)?
3
Suppose -4*g = -0*g - 1100. Suppose -6*m + m + g = 0. Suppose 5*v + m = 3*q + q, 0 = 2*v + 6. What is the tens digit of q?
1
Let f = 1715 - 1087. What is the tens digit of f?
2
Suppose -a + 2*a = -3*n + 388, -3*a = 4*n - 509. Suppose n*i - 135*i = -996. What is the units digit of i?
9
Let j be ((-4)/3)/(2/6). Let f(b) = -2*b**3 - 4*b**2 - 5*b + 2. What is the units digit of f(j)?
6
Suppose -5*i = -8 - 7. Suppose i*b - 3*n = -b + 260, 0 = 2*b + 2*n - 130. What is the tens digit of b?
6
Suppose 0 = 237*g - 244*g + 33663. What is the units digit of g?
9
Suppose -4*i + 3254 = -910. W